 + -9 + 0 + -13.
-6
Evaluate -2 + (-3 - (0 - 4)) + -2.
-3
Calculate (0 - (-1 + -3)) + 0 - 2.
2
Evaluate 0 + -1 + -2 + 6 - 2.
1
-7 + (5 - 11) + -6 + 21
2
What is (0 - -5) + (0 - 16) - -6?
-5
What is the value of 6 - 11 - (0 + -1)?
-4
What is (2 - 2) + (2 - -2)?
4
Evaluate (-9 + 1 - 3) + 7.
-4
What is (7 - -4) + 1 + 5 + -6?
11
What is -4 + 1 + -20 + 13?
-10
Calculate 11 - 16 - (0 - 4).
-1
Calculate 1 + -6 - 3 - -6.
-2
What is (0 - 0) + -4 + 8 + -1?
3
What is (-2 - (6 + -2 + -6)) + 0?
0
What is the value of -9 + -1 + (-33 - -9 - -23)?
-11
-14 + 11 + -2 + 0 + 1
-4
Calculate -5 - (-1 + 1 + (36 - 35)).
-6
-2 + 1 + 11 + -7
3
Evaluate -3 + -3 - -1 - -3.
-2
Evaluate 27 + -24 + -1 + (1 - -2).
5
What is -10 - -10 - (1 + 0) - -2?
1
-4 + (3 - 7) + 4 - 4
-8
Evaluate -80 - -84 - (4 - -1).
-1
Calculate -5 + -7 + 12 + (1 - -1).
2
Evaluate 3 + -1 + -3 + -3.
-4
(4 - (-4 - (-1 + -10))) + 3
0
What is the value of -2 + -6 + 3 - (22 - 20)?
-7
Calculate (-1 - -6) + (-4 - -18) + -15.
4
What is -4 - (2 + (2 - 3))?
-5
(1 - (0 + 1) - 5) + 13
8
Calculate 2 + -2 - (13 + -9 + 1).
-5
2 + 0 + -9 + 3
-4
Evaluate -5 + (-9 - -4 - -2).
-8
What is the value of 1 - (1 - (0 + (5 - 5)))?
0
Calculate 0 + -2 + 7 + -2.
3
Calculate -4 - (-4 - (-4 + (1 - -3))).
0
Evaluate (0 - 3) + (-2 - -10) + 1.
6
What is the value of 8 + (-11 - (-3 + -3))?
3
Calculate 1 + 3 + -11 + 11.
4
6 + (-1 - (-6 + 2 - -4))
5
Calculate -4 - (-2 + 3) - -2 - -5.
2
What is the value of (-1 - 5) + (-61 - -70)?
3
Calculate 0 + 6 + -8 + 5.
3
4 - (9 + -2) - (1 - -1)
-5
What is -21 + 20 + (-2 - (3 + -2))?
-4
What is the value of -56 + 45 - (-8 - 0)?
-3
Evaluate 1 + 0 - (8 + (1 - 7)).
-1
Calculate 5 + 1 + (18 - 25) + -1.
-2
Calculate -3 + -8 + 7 + 2.
-2
Calculate -5 + -1 + 4 + 4.
2
(-107 - -90) + (10 - -1)
-6
(16 - 12) + (0 - 1) - 8
-5
What is 0 - -3 - 6 - (-13 + 3)?
7
8 + (-4 - 12) - -12
4
Calculate -9 + (17 - (10 - -5)).
-7
What is 0 + -5 - (-16 - -20 - 4)?
-5
-2 + (5 - 6 - 0)
-3
What is the value of -2 + (3 - 3) + 1 - 1?
-2
Evaluate -4 - 0 - (3 - (-10 + 12)).
-5
Evaluate (0 - -5) + -4 + -2.
-1
Evaluate (3 - (-1 - -5)) + 8.
7
5 + -2 - ((-4 - 0) + 4)
3
What is the value of (-52 - -49) + (1 - -2 - -1)?
1
What is the value of -17 - -17 - (-6 - -3 - -8)?
-5
Evaluate (-5 - 0 - -3) + 6.
4
What is -3 - (-6 + (7 - 1) - 1)?
-2
14 - (8 + 3 - -10)
-7
Evaluate -1 + -5 + 4 - -2.
0
7 - 6 - (-1 + 2 + 0)
0
What is the value of -7 + (-5 - (-4 - 3)) + 6?
1
Evaluate 2 - (-2 + (8 - 4)).
0
8 + -10 + 3 + -4
-3
0 + 1 - -7 - 8
0
Evaluate -14 + 1 + (22 - 17) - -5.
-3
-2 + -1 + (-2 - -1 - 3)
-7
Calculate 30 - 27 - (8 + 1).
-6
What is the value of (5 - 4) + 0 + 2 - 4?
-1
Calculate 1 + (2 - 7) + (-1 - -6).
1
Evaluate -3 + 2 + 3 + -1 + 2.
3
What is -2 - 1 - (-3 + 2)?
-2
What is the value of (4 - 6) + -1 + 5 - 3?
-1
What is 2 - (2 - -2) - (-16 - -13)?
1
9 + -23 + 18 + 2 + -1
5
Evaluate (-5 - 0) + (-11 - -12) - 0.
-4
What is 17 - 14 - 2 - (0 + 9)?
-8
Calculate 0 - (1 + 4 + -7).
2
Evaluate -11 + 6 + 9 + (-1 - 4).
-1
What is -7 - -13 - (-11 + 12)?
5
What is the value of -2 - (-4 - -4) - (-4 - -2)?
0
-6 - (4 - (5 - -9))
4
Calculate (-12 - -7) + -1 - (-4 - -2).
-4
Calculate -4 - (-8 + -1) - (8 - 1).
-2
What is 3 + (1 - 2) + 3?
5
-9 + 17 + -16 + (0 - -3)
-5
-4 + -3 + 10 + -6
-3
Calculate 23 + -27 - (-2 + (5 - 2)).
-5
Evaluate (0 - 2) + (19 - 22).
-5
Evaluate -2 + 9 + (10 - 21).
-4
What is the value of 1 - 3 - (12 + -13)?
-1
1 + (1 - -3) + -5 + -3
-3
-30 + 25 - (-1 - -1 - -2)
-7
5 - (14 - 3) - -1
-5
Evaluate -8 + -3 + 7 + -1.
-5
-2 + 1 + (-2 - -3) + -2
-2
Calculate 6 + -1 - ((-3 - -2) + 1).
5
What is -2 - (-3 - -6) - (-13 + 3)?
5
Calculate 4 + (0 - (0 - -4) - 1).
-1
What is 7 + (-10 - (-8 - (-2 - 1)))?
2
What is the value of -2 - 1 - 3 - (-31 - -28)?
-3
Calculate (-9 - -11) + (6 - 8) + -4.
-4
What is the value of -3 - (3 - 5) - -2 - -4?
5
Evaluate 8 + (9 + -10 - (0 + 2)).
5
What is the value of 1 + 5 + -3 - 4?
-1
Evaluate 22 - (8 - -9) - (0 - -4).
1
Calculate 10 - (-5 - -6) - (0 + -2).
11
What is the value of 4 + 0 + 1 + -1 + -7?
-3
-4 + (5 - 18 - -20)
3
Calculate -1 + 1 - 0 - (-30 + 33).
-3
What is the value of -5 + 12 - (2 - (-3 + 1))?
3
What is the value of -3 - (-3 + -3 - 2)?
5
What is -4 + 6 + (-3 - 7)?
-8
-6 + (1 - (-4 + (2 - -2)))
-5
What is the value of (-6 - -14) + -4 + 7 - 5?
6
Calculate -4 - (-1 - 4 - 1).
2
What is -4 + -1 + 11 + (-5 - 0)?
1
-2 - -5 - (10 - 8) - 5
-4
Evaluate -8 + -2 + 4 + 3.
-3
Calculate 4 - (-3 - (4 - 9)).
2
3 + (-4 - -4) - 1
2
Calculate -2 - (-2 + (-2 - -2) - 4).
4
Calculate 1 + (0 - -1) + -4 + 4.
2
-5 - (4 - 0 - (15 - 10))
-4
Calculate 8 + -5 + 0 + 0 + -2.
1
-3 - (-3 + 3 + 2 + 0)
-5
-2 - (1 + (-2 - -2) + 2)
-5
1 + 14 + -7 + -6
2
Calculate 0 + -2 - (7 + 3 + -12).
0
Calculate 7 + (-28 - -11) + 10.
0
What is the value of -1 + (3 - 4) - -1?
-1
Calculate 2 + 1 - (3 + 10 - 13).
3
Evaluate 5 - (5 + -5) - 4.
1
Evaluate -3 + 5 - 4 - 0 - 0.
-2
What is the value of 8 + (8 - (13 + -5))?
8
-2 + -1 + (4 - 5) + 3
-1
What is the value of 2 + -4 + 6 + -10?
-6
Evaluate -8 + 5 - (0 - 1) - 2.
-4
Evaluate 7 + -2 + 1 + -6 + 2.
2
15 + -20 + 6 - (11 + 0)
-10
Evaluate 4 - 0 - (7 - (12 - 11)).
-2
Evaluate 0 - -2 - (0 + 5 + -4).
1
What is the value of (4 - (1 - -3)) + -5 + 6?
1
0 + (9 - 4) + -7
-2
Evaluate -1 - (7 + -9) - (2 - -1).
-2
What is the value of (3 - -1) + -1 + (-8 - -6)?
1
What is the value of 1 - (-3 + -8 + 8)?
4
What is the value of -10 - -9 - (1 - 5)?
3
What is the value of 9 + -7 - 6 - -9?
5
(7 - 2) + -1 + -10 + 2
-4
What is -2 + (4 - (-4 + 9)) + -2?
-5
What is -18 + 9 - (-12 + -1)?
4
What is -6 + (0 - 2) - -8?
0
What is 3 + 2 + -3 - -1?
3
Evaluate 4 - (1 + (-5 - -7)).
1
What is (2 - 8) + -3 + (4 - -2)?
-3
0 + 2 + -14 + (-1 - -11)
-2
What is 4 - (-13 + 3 - -7)?
7
Calculate -2 - 1 - (-5 + 5).
-3
Evaluate -2 + 1 + -4 + 6.
1
What is the value of -9 - (1 + (2 - 7))?
-5
7 - 1 - (-15 + 18)
3
Calculate 9 - (-6 + 7) - 3.
5
-2 + 3 + (1 - 5)
-3
What is -2 + (-9 - -10) - 0?
-1
What is the value of -2 - (6 + -5 + -4) - -6?
7
What is -2 - 2 - (-5 - 1) - 9?
-7
-5 + 3 + 6 + -5 + 0
-1
Evaluate (4 - 6) + 3 - 6.
-5
-4 + 0 - (9 - 18)
5
What is the value of (3 - 5) + (9 - 7) + -3?
-3
What is 7 + (10 - (-4 + 26))?
-5
Calculate 3 + (-1 - -1) + 6 + -3.
6
Evaluate -2 - (4 - (6 - 3 - 2)).
-5
What is -4 + 7 + 8 + -10 - -7?
8
Calculate 0 + -4 + 0 + (-1 - -9).
4
(-12 - (-7 + -3)) + -3
-5
What is the value of -7 - -2 - (-9 - -10 - 1)?
-5
What is the value of 11 + -8 - (-2 + 1)?
4
Evaluate 1 - (-10 + 3 + -2) - 3.
7
Calculate 4 - ((1 - -6 - 7) + 4).
0
What is (-5 - -15) + 6 + -8?
8
Evaluate -2 - ((0 - -3) + -7).
2
What is -2 + (-3 - -8) - 2?
1
What is the value of -1 + 9 + (-61 - -57)?
4
What is 11 - (11 + 14 - 12)?
-2
Evaluate -8 + 1 + (17 - (-7 + 12)).
5
What is 3 - 10 - (3 + 1 + -3)?
-8
Evaluate -12 + 20 + (3 - 13).
-2
-6 - (-9 + -3 + 8)
-2
Evaluate 1 - (0 - 2) - (1 + 6).
-4
Evaluate -2 + 2 + 2 + -1.
1
Evaluate 1 - ((12 - 14) + -3).
6
Calculate (5 - -6) + -9 + 2.
4
What is (-1 - -5 - 0) + -1 - 11?
-8
What is -13 + (2 - 0) + 6?
-5
-10 + -3 + (-4 - -15)
-2
Calculate -4 + 2 - (2 + -1).
-3
What is the value of 25 - 22 - (-4 + (0 - -1))?
6
What is the value of -6 + -5 + -4 - (-5 - 2)?
-8
Calculate -6 - -9 - (-5 - -1).
7
(-4 + 2 - -5) + -5 + -1
-3
What is the value of (26 - 23) + (1 - 10)?
-6
Calculate 9 + 7 + -6 - 17.
-7
1 - ((2 - 4) + -10 + 6)
7
What is 4 + (-2 - 6) - 0?
-4
Evaluate 0 + -4 - (-2 - 4).
2
What is -322 - -322 - (-9 - (-1 + 0))?
8
What is the value of -5 - (2 - 3 - 0)?
-4
What is -56 - -50 - (1 + 3)?
-10
Evaluate -7 + (3 - -11) - 1.
6
-4 - ((3 - -3) + -11)
1
Evaluate 4 + -1 - 0 - (4 + -1).
0
Evaluate 10 + 4 + (4 - 12) + -1.
5
Calculate -42 + 43 + (3 + 8 - 3).
9
What is the value of -38 + 44 + 2 + 1 + -2?
7
Evaluate 2 - 4 - (-8 - -1).
5
2 - (-1 - -2) - -1
2
What is the value of 6 + 5 + -2 + -4?
5
What is (4 - 2) + 5 - (-2 + 4)?
5
Calculate 45 + -50 - (-2 - 0).
-3
-4 - (-4 + -3) - (1 + 7)
-5
Calculate 6 - 7 - (-2 - (-5 - -8)).
4
5 + -2 + (-8 - 0)
-5
Evaluate -3 - 1 - (-22 + 15).
3
What is the value of -2 - 2 - (0 + 0 + 0)?
-4
What is the value of (-6 - 3 - -6) + -1?
-4
Calculate -8 + 6 + 3 - 8.
-7
What is 1 + (-9 - -13 - -1)?
6
What is the value of (-10 - (-13 + 22)) + 12?
-7
Calculate -64 + 62 + (1 + -1 - 3).
-5
(0 - -3) + -1 + 0 + -2
0
Evaluate 4 - (-